
Is 105 a factor of 9136914?
False
Does 109 divide 62019?
False
Is 23 a factor of 1566767?
False
Is 182755 a multiple of 43?
False
Does 88 divide 233311?
False
Is 61 a factor of 36905?
True
Is 2475 a factor of 69300?
True
Is 6581872 a multiple of 11?
True
Does 51 divide 36122?
False
Is 190300 a multiple of 11?
True
Does 182 divide 650650?
True
Is 18 a factor of 363042?
True
Is 2121830 a multiple of 27?
False
Is 48 a factor of 4876464?
True
Is 4 a factor of 408168?
True
Is 49983 a multiple of 26?
False
Is 17 a factor of 197812?
True
Is 98190 a multiple of 535?
False
Is 10 a factor of 853204?
False
Does 41 divide 205874?
False
Is 142 a factor of 86309?
False
Is 583 a factor of 696102?
True
Is 242 a factor of 407286?
True
Is 808292 a multiple of 794?
True
Is 642503 a multiple of 10?
False
Is 764 a factor of 1037512?
True
Does 54 divide 127872?
True
Is 45 a factor of 27749?
False
Does 177 divide 107439?
True
Is 333542 a multiple of 22?
True
Does 5 divide 155157?
False
Is 2 a factor of 32635?
False
Is 13378174 a multiple of 147?
False
Is 1014088 even?
True
Is 32 a factor of 57280?
True
Does 996 divide 1700172?
True
Does 13 divide 474445?
False
Is 63 a factor of 562168?
False
Is 8 a factor of 1645800?
True
Is 17 a factor of 76211?
True
Is 99 a factor of 55314?
False
Does 357 divide 1122765?
True
Is 59 a factor of 43247?
True
Is 2946256 a multiple of 209?
False
Is 24 a factor of 4050552?
True
Does 449 divide 5109977?
False
Is 4268265 a multiple of 24?
False
Is 222556 a multiple of 5?
False
Is 575340 a multiple of 1338?
True
Is 10226359 a multiple of 115?
False
Is 159 a factor of 157728?
True
Is 2847372 a multiple of 212?
True
Is 96 a factor of 80160?
True
Does 28 divide 3226852?
False
Is 167 a factor of 331662?
True
Is 39370 a multiple of 310?
True
Is 709605 a multiple of 504?
False
Is 25437 even?
False
Is 23 a factor of 40753135?
False
Is 2402791 a multiple of 57?
False
Is 515275 a multiple of 25?
True
Is 259560 a multiple of 309?
True
Is 193 a factor of 1482240?
True
Does 1184 divide 8977088?
True
Is 305 a factor of 5126745?
True
Is 46 a factor of 63893?
False
Is 1284347 a multiple of 73?
False
Is 63558 a multiple of 54?
True
Is 22 a factor of 94681?
False
Is 10542960 a multiple of 43?
False
Is 325725 a multiple of 39?
False
Does 149 divide 87631?
False
Does 13 divide 71175?
True
Is 38280 a multiple of 4?
True
Is 270 a factor of 10800?
True
Is 11 a factor of 17076?
False
Is 15322 a multiple of 326?
True
Does 9 divide 239889?
False
Is 57 a factor of 174705?
True
Does 31 divide 70587?
True
Does 56 divide 501697?
False
Does 98 divide 99275?
False
Does 13 divide 4808141?
True
Is 113 a factor of 19479844?
True
Is 33 a factor of 693339?
False
Is 9 a factor of 603610?
False
Is 5329584 a multiple of 468?
True
Is 42432 a multiple of 6?
True
Is 127903 a multiple of 178?
False
Is 71 a factor of 104937?
False
Is 2694450 a multiple of 275?
True
Is 206865 a multiple of 58?
False
Does 32 divide 344121?
False
Is 6 a factor of 1224414?
True
Is 46 a factor of 72358?
True
Is 261109 a multiple of 79?
False
Is 498855 a multiple of 35?
True
Is 2885427 a multiple of 10?
False
Does 899 divide 6144639?
False
Is 376341 a multiple of 6?
False
Does 12 divide 23551428?
True
Does 108 divide 25369?
False
Is 17 a factor of 1565310?
False
Is 21028221 a multiple of 1341?
True
Does 17 divide 197923?
False
Is 20583722 a multiple of 24?
False
Is 132 a factor of 722474?
False
Is 133320 a multiple of 10?
True
Is 184845 a multiple of 21?
False
Is 1448 a factor of 8719856?
True
Is 34121 a multiple of 9?
False
Is 12 a factor of 2469389?
False
Is 2012428 a multiple of 11?
True
Does 675 divide 1207575?
True
Is 241 a factor of 296317?
False
Does 510 divide 581824?
False
Is 75 a factor of 164850?
True
Is 27 a factor of 1231524?
True
Does 265 divide 49025?
True
Is 74 a factor of 754423?
False
Does 93 divide 3198513?
False
Is 596971 a multiple of 10?
False
Is 296088 a multiple of 156?
True
Is 88280 a multiple of 10?
True
Does 16 divide 169776?
True
Does 14 divide 14?
True
Does 18 divide 8573904?
True
Is 1990893 a multiple of 625?
False
Does 148 divide 162900?
False
Does 51 divide 2877420?
True
Is 1054 a factor of 12793452?
True
Is 11 a factor of 4982505?
True
Does 37 divide 39627?
True
Is 1092431 a multiple of 8?
False
Does 343 divide 1162369?
False
Does 12 divide 54728?
False
Is 927199 a multiple of 13?
True
Does 17 divide 8168?
False
Does 13 divide 4699552?
True
Is 14150 a multiple of 8?
False
Is 11 a factor of 775346?
True
Does 46 divide 135746?
True
Is 896682 a multiple of 34?
True
Is 228809 a multiple of 60?
False
Is 3500228 a multiple of 40?
False
Does 49 divide 143736?
False
Is 7333834 a multiple of 17?
True
Is 337573 a multiple of 109?
True
Does 29 divide 166770?
False
Is 52 a factor of 2890846?
False
Is 5 a factor of 10881?
False
Does 265 divide 53795?
True
Is 9 a factor of 2940985?
False
Does 216 divide 84888?
True
Is 222516 a multiple of 7?
True
Is 11379240 a multiple of 20?
True
Is 1173884 a multiple of 15?
False
Is 795860 a multiple of 24?
False
Is 15 a factor of 1122450?
True
Does 8 divide 69995?
False
Is 56 a factor of 2736750?
False
Is 190 a factor of 128440?
True
Does 109 divide 1087107?
False
Does 1279 divide 1777877?
False
Is 114912 a multiple of 18?
True
Does 922 divide 672138?
True
Is 390 a factor of 4419090?
True
Is 125310 a multiple of 30?
True
Is 521418 a multiple of 108?
False
Is 327902 a multiple of 38?
True
Does 97 divide 8166333?
True
Is 23 a factor of 9213?
False
Is 17 a factor of 2620244?
True
Is 353400 a multiple of 310?
True
Is 11 a factor of 140241?
False
Does 65 divide 799849?
False
Does 14 divide 435675?
False
Is 38 a factor of 921424?
True
Does 33 divide 826782?
True
Is 3 a factor of 112354?
False
Is 12 a factor of 291235?
False
Does 141 divide 63184?
False
Does 24 divide 1895164?
False
Is 34424 a multiple of 74?
False
Is 240 a factor of 116160?
True
Is 34 a factor of 3436516?
True
Is 6252780 a multiple of 4?
True
Does 10 divide 477160?
True
Is 338312 a multiple of 13?
True
Is 58 a factor of 23487?
False
Does 1183 divide 7009434?
False
Does 28 divide 8502?
False
Does 562 divide 1310594?
False
Is 166661 a multiple of 109?
True
Is 619 a factor of 17269750?
False
Is 687 a factor of 3159050?
False
Is 1864396 a multiple of 15?
False
Does 146 divide 2099821?
False
Is 116 a factor of 42224?
True
Does 110 divide 27044?
False
Is 2295109 a multiple of 39?
False
Does 509 divide 1880755?
True
Is 583929 a multiple of 81?
True
Does 103 divide 1954572?
False
Is 1203200 a multiple of 40?
True
Is 1868645 a multiple of 13?
False
Is 51 a factor of 9346?
False
Does 29 divide 1409866?
False
Is 856268 a multiple of 28?
True
Is 2422224 a multiple of 4?
True
Is 2222550 a multiple of 495?
True
Does 18 divide 1217178?
True
Does 6 divide 26016?
True
Is 3032548 a multiple of 9?
False
Is 460 a factor of 510056?
False
Is 162646 a multiple of 22?
True
Does 15 divide 114345?
True
Is 4315079 a multiple of 4?
False
Is 14 a factor of 2121191?
False
Is 108151 a multiple of 2?
False
Does 3 divide 571980?
True
Is 91 a factor of 92092?
True
Is 89651 a multiple of 37?
True
Does 243 divide 18225?
True
Is 6390360 a multiple of 180?
True
Is 6 a factor of 446802?
True
Is 1064762 a multiple of 277?
False
Is 3105900 a multiple of 15?
True
Is 642942 a multiple of 207?
True
Is 117920 a multiple of 220?
True
Does 360 divide 13909320?
True
Does 472 divide 1381629?
False
Is 42 a factor of 40756?
False
Is 57 a factor of 122919?
False
Is 4 a factor of 372112?
True
Is 39437 a multiple of 49?
False
Does 4 divide 7424?
True
Is 317 a factor of 8201742?
False
Is 105 a factor of 177450?
True
Is 19 a factor of 226812?
False
Is 1558662 a multiple of 177?
True
Does 350 divide 10462200?
True
Is 395 a factor of 479261?
False
Does 23 divide 217005?
True
Is 2374863 a multiple of 19?
False
Is 34 a factor of 17140936?
False
Is 189 a factor of 14099540?
False
Does 353 divide 3713685?
False
Is 4 a factor of 3030100?
True
Is 30910110 a multiple of 1155?
True
Is 33 a factor of 5880297?
False
Is 5 a factor of 23658?
False
Is 276236 a multiple of 98?
False
Is 6 a factor of 101733?
False
Is 650367 a multiple of 431?
False
Does 103 divide 713687?
True
Is 137137 a multiple of 7?
True
Is 3704634 a multiple of 18?
True
Is 45 a facto